he highest common factor of 3587447 and 731.
43
What is the greatest common divisor of 249050 and 4063?
17
Calculate the highest common divisor of 417 and 57455233.
139
What is the highest common divisor of 75374 and 90922?
338
What is the highest common factor of 29650 and 34425?
25
What is the greatest common divisor of 419 and 130745?
1
Calculate the greatest common factor of 4213768 and 2940288.
3224
What is the highest common divisor of 5384910 and 2790?
30
Calculate the highest common divisor of 160504364 and 4.
4
What is the highest common factor of 844350 and 5200?
650
What is the highest common divisor of 869 and 187?
11
What is the highest common divisor of 1883200 and 10593?
1177
Calculate the highest common divisor of 6714071 and 12460.
623
Calculate the highest common factor of 5061203 and 2.
1
Calculate the highest common factor of 113533 and 125881.
343
What is the greatest common divisor of 7032 and 52168?
8
Calculate the highest common factor of 9965048 and 4728.
1576
Calculate the highest common factor of 82857767 and 327.
109
What is the highest common divisor of 117 and 21655467?
9
What is the highest common divisor of 3167865 and 28713?
51
What is the greatest common factor of 522695 and 2155?
5
Calculate the greatest common divisor of 19 and 23194497.
19
What is the greatest common factor of 7790 and 64035890?
190
What is the greatest common divisor of 133 and 334453?
7
Calculate the greatest common divisor of 38608065 and 360.
45
What is the greatest common divisor of 140 and 5481980?
140
Calculate the highest common divisor of 88 and 18529412.
44
What is the greatest common divisor of 233910 and 1795909?
2599
Calculate the highest common factor of 1023 and 417365927.
341
Calculate the greatest common divisor of 4025 and 2575425.
575
What is the greatest common factor of 41100136 and 924?
308
What is the highest common factor of 130020 and 67020?
60
What is the greatest common factor of 5398154 and 48306?
166
Calculate the greatest common divisor of 22878 and 67365542.
2542
Calculate the greatest common divisor of 1540016 and 351814.
6638
What is the greatest common divisor of 5926118 and 27742?
2134
Calculate the greatest common divisor of 12857 and 474513.
299
Calculate the highest common factor of 5707232 and 1120.
32
Calculate the highest common divisor of 571551 and 29481.
951
Calculate the highest common factor of 8739936 and 2016.
288
Calculate the highest common divisor of 850714 and 4202.
382
Calculate the greatest common factor of 11321920 and 5120.
320
Calculate the greatest common factor of 5126 and 204182.
22
Calculate the greatest common divisor of 364 and 6329972.
4
Calculate the highest common factor of 121290 and 82415.
1555
What is the greatest common factor of 15 and 221433690?
15
What is the highest common divisor of 140 and 13691930?
70
Calculate the highest common factor of 67 and 1124265427.
67
What is the greatest common divisor of 7490 and 31026576?
1498
What is the greatest common factor of 124873672 and 3080?
616
Calculate the greatest common divisor of 1064796 and 31684.
356
What is the greatest common factor of 91623 and 4627?
7
Calculate the highest common divisor of 5774431 and 2678.
13
What is the greatest common divisor of 703857960 and 6036?
6036
What is the highest common divisor of 200584 and 7704?
8
Calculate the greatest common divisor of 208 and 107413592.
104
Calculate the greatest common factor of 34196 and 294816.
332
What is the greatest common divisor of 3756612 and 5505?
1101
Calculate the highest common factor of 18749600 and 20800.
800
Calculate the highest common factor of 55 and 36583349.
11
What is the highest common divisor of 461618031 and 259?
259
Calculate the highest common factor of 1637298 and 936.
234
What is the greatest common divisor of 1270786 and 2068?
1034
What is the greatest common divisor of 17664 and 35335360?
1472
What is the greatest common divisor of 916 and 15585511?
229
Calculate the greatest common divisor of 419144 and 1028016.
968
Calculate the highest common factor of 615102048 and 1858.
1858
Calculate the greatest common divisor of 1843 and 29980081.
1843
What is the greatest common divisor of 1175 and 5915655?
235
Calculate the highest common factor of 17160 and 1961718.
66
Calculate the greatest common divisor of 92426906 and 2847.
949
Calculate the highest common divisor of 1147 and 3363562.
31
What is the highest common divisor of 17420 and 590590?
130
What is the highest common divisor of 4055549820 and 1329?
1329
Calculate the highest common divisor of 692 and 22367516.
692
Calculate the greatest common factor of 20619 and 176723.
79
What is the highest common divisor of 4346241 and 2346?
69
Calculate the greatest common factor of 35008 and 458386.
1094
What is the greatest common factor of 213535 and 5845?
35
What is the highest common divisor of 16704 and 22326752?
928
Calculate the greatest common divisor of 720 and 331211772.
36
Calculate the greatest common factor of 54483349 and 1627.
1627
What is the greatest common factor of 420226633 and 16221?
5407
Calculate the highest common factor of 72031435 and 70.
35
Calculate the greatest common divisor of 63974281 and 34.
17
Calculate the greatest common divisor of 3096 and 1117416.
24
Calculate the highest common divisor of 705800 and 29800.
200
What is the highest common factor of 19743980 and 160?
20
What is the highest common divisor of 10357728 and 2208?
2208
What is the highest common factor of 58073643 and 36?
9
What is the greatest common factor of 1410472770 and 2230?
2230
Calculate the highest common factor of 7829356 and 36346.
2138
Calculate the highest common divisor of 33 and 11095128.
33
Calculate the highest common divisor of 7088980 and 152220.
860
What is the highest common divisor of 4092 and 36225794?
682
Calculate the highest common divisor of 78904434 and 168.
42
What is the greatest common divisor of 19415 and 107749367?
3883
Calculate the greatest common divisor of 46 and 23322982.
2
Calculate the greatest common factor of 2560 and 5290.
10
Calculate the highest common factor of 2886423 and 948.
237
Calculate the greatest common divisor of 64201400 and 440.
40
What is the highest common divisor of 139629085 and 21575?
4315
Calculate the greatest common divisor of 19560 and 7317885.
2445
What is the greatest common divisor of 50064 and 1680?
336
What is the highest common factor of 6811212 and 12?
12
Calculate the greatest common divisor of 1022741 and 101177.
1219
Calculate the highest common factor of 1476 and 1257183.
369
Calculate the highest common factor of 33407164 and 8484.
2828
What is the highest common divisor of 24 and 2350634472?
24
Calculate the greatest common divisor of 975167526 and 18.
6
Calculate the highest common divisor of 28 and 20322414.
14
Calculate the greatest common factor of 137400 and 57053976.
5496
Calculate the greatest common factor of 252 and 179973612.
252
What is the highest common factor of 3047 and 111518?
11
What is the highest common divisor of 164622 and 218?
2
Calculate the highest common factor of 203315 and 8524985.
1295
Calculate the greatest common factor of 4834 and 1525876270.
4834
Calculate the highest common divisor of 24208 and 606.
2
What is the greatest common factor of 172296 and 530?
2
What is the greatest common factor of 315936 and 44648997?
3291
Calculate the highest common divisor of 7692970 and 35.
5
Calculate the highest common factor of 668724 and 13408.
1676
What is the greatest common factor of 675 and 15773130?
135
What is the highest common factor of 2415 and 293019195?
2415
What is the greatest common factor of 377332 and 53342?
358
What is the greatest common divisor of 2461933 and 423193?
3089
Calculate the highest common divisor of 3220 and 32010160.
140
What is the greatest common divisor of 429704 and 32566?
38
Calculate the highest common factor of 175249 and 15397.
173
Calculate the highest common factor of 3991284 and 3564.
396
Calculate the greatest common divisor of 24649296 and 140.
28
Calculate the highest common divisor of 9006610 and 6580.
470
What is the highest common factor of 6175 and 1838525?
325
Calculate the greatest common factor of 76245 and 76360.
115
What is the highest